{"id":361,"date":"2018-08-08T20:52:04","date_gmt":"2018-08-08T20:52:04","guid":{"rendered":"https:\/\/ad-analysis.com\/wp_exelect\/?page_id=361"},"modified":"2018-11-02T10:41:03","modified_gmt":"2018-11-02T10:41:03","slug":"privacy-policy","status":"publish","type":"page","link":"https:\/\/ad-analysis.com\/slovak\/privacy-policy\/","title":{"rendered":"Ochrana osobn\u00fdch \u00fadajov"},"content":{"rendered":"<p>Rozumieme, \u017ee inform\u00e1cie o Va\u0161e spolo\u010dnosti a Va\u0161e \u00fadaje s\u00fa ve\u013emi osobn\u00e9 a db\u00e1me na to, aby boli v bezpe\u010d\u00ed. Tieto z\u00e1sady ochrany osobn\u00fdch \u00fadajov (&#8220;Pravidl\u00e1&#8221;) opisuj\u00fa, ako spolo\u010dnos\u0165 Performia International AB zhroma\u017e\u010fuje, pou\u017e\u00edva a zdie\u013ea osobn\u00e9 inform\u00e1cie pou\u017e\u00edvate\u013eov na\u0161ich webov\u00fdch str\u00e1nok nach\u00e1dzaj\u00facich sa na adrese<\/p>\n<p><a href=\"https:\/\/ad-analysis.com\" target=\"_blank\" rel=\"noopener\">www.exelect.com<\/a> a\u00a0<a href=\"https:\/\/www.tech.interspeedia\" target=\"_blank\" rel=\"noopener\">www.tech.interspeedia.com<\/a><\/p>\n<p>Nako\u013eko vy\u017e\u00edvate na\u0161e slu\u017eby, chceme, aby ste mali jasno v tom, ako Va\u0161e inform\u00e1cie pou\u017e\u00edvame a uk\u00e1zali V\u00e1m sp\u00f4soby, ak\u00fdm m\u00f4\u017ete chr\u00e1ni\u0165 svoje s\u00fakromie.<\/p>\n<p>Na\u0161a ochrana osobn\u00fdch \u00fadajov popisuje:<\/p>\n<ul>\n<li>Ak\u00e9 inform\u00e1cie zbierame, a ak\u00fd je \u00fa\u010del ich pou\u017eitia<\/li>\n<li>Ako tieto inform\u00e1cie pou\u017e\u00edvame<\/li>\n<li>Mo\u017enosti, ktor\u00e9 pon\u00fakame, \u010do taktie\u017e zah\u0155\u0148a mo\u017enos\u0165 pr\u00edstupu k aktualiz\u00e1cii inform\u00e1cii<\/li>\n<\/ul>\n<p>Sna\u017e\u00edme sa urobi\u0165 to najjednoduch\u0161ie, ako sa d\u00e1, av\u0161ak ak nie ste obozn\u00e1men\u00fd s term\u00ednami ako napr\u00edklad cookies, IP adresa \u010di prehliada\u010d (browser) &#8211; tieto defin\u00edcie a pr\u00edklady m\u00f4\u017eete n\u00e1js\u0165 na Google a odpor\u00fa\u010dame V\u00e1m najprv si o tom nie\u010do pre\u010d\u00edta\u0165. Va\u0161e s\u00fakromie je pre n\u00e1s d\u00f4le\u017eit\u00e9, tak\u017ee \u010di u\u017e ste nov\u00fd alebo dlhodob\u00fd pou\u017e\u00edvate\u013e resp. kandid\u00e1t, pros\u00edm urobte si \u010das nato, aby ste si t\u00fato ochranu osobn\u00fdch \u00fadajov pre\u010d\u00edtali a ak by ste mali ak\u00e9ko\u013evek ot\u00e1zky, kontaktuje n\u00e1s na\u00a0<a href=\"mailto:privacy@performia.net\">admin@performia.sk<\/a><\/p>\n<h3>D\u00f4le\u017eit\u00e9 inform\u00e1cie<\/h3>\n<p><span style=\"font-weight: bold;\">Kto sme<\/span> &#8211; Za \u00fa\u010delom Legislat\u00edvy o ochrane osobn\u00fdch \u00fadajov v E\u00da (GDPR), kontrol\u00f3rom Va\u0161ich osobn\u00fdch inform\u00e1cii je Performia International AB, Bergviksgatan 27, Sodertalje 15250, Sweden, EU. Na\u0161e slu\u017eby s\u00fa poskytovan\u00e9 priamo Performia International AB alebo prostredn\u00edctvom na\u0161ich pobo\u010diek a pridru\u017een\u00fdch organiz\u00e1ci\u00ed Performia International AB, ktor\u00e9 s\u00fa oddelen\u00e9 a nez\u00e1visl\u00e9 pr\u00e1vne entity.<\/p>\n<p>Ka\u017ed\u00e1 individu\u00e1lna celosvetov\u00e1, \u00fazemn\u00e1, region\u00e1lna alebo \u0161pecifick\u00e1 webov\u00e1 str\u00e1nka v r\u00e1mci performia.com je prev\u00e1dzkovan\u00e1 jednotlivcami v r\u00e1mci siete Performia.<\/p>\n<p><span style=\"font-weight: bold;\">Zmeny t\u00fdchto pravidiel<\/span>\u00a0&#8211; Na na\u0161ich str\u00e1nkach budeme uverej\u0148ova\u0165 ak\u00e9ko\u013evek \u00fapravy alebo zmeny pravidiel. Vyhradzujeme si pr\u00e1vo kedyko\u013evek tieto pravidl\u00e1 upravi\u0165, preto v\u00e1m odpor\u00fa\u010dame, aby ste si ich \u010dastej\u0161ie pre\u010d\u00edtali.<\/p>\n<h3>\u010co zhroma\u017e\u010fujeme<\/h3>\n<p>Existuje mno\u017estvo inform\u00e1ci\u00ed, ktor\u00e9 o v\u00e1s zhroma\u017e\u010fujeme, aby ste mohli vyu\u017e\u00edva\u0165 na\u0161e slu\u017eby. Tieto inform\u00e1cie m\u00f4\u017eu zah\u0155\u0148a\u0165:<\/p>\n<ul>\n<li><span style=\"font-weight: bold;\">Inform\u00e1cie, ktor\u00e9 n\u00e1m poskytnete\u00a0<\/span><br \/>\nAk ide o n\u00e1\u0161ho z\u00e1kazn\u00edka &#8211; zhroma\u017e\u010fujeme Va\u0161u e-mailov\u00fa adresu, meno a priezvisko, adresu Va\u0161ej spolo\u010dnosti, n\u00e1zov spolo\u010dnosti, telef\u00f3nne \u010d\u00edslo, Fax (ak je to aktu\u00e1lne) a inform\u00e1cie potrebn\u00e9 pre finan\u010dn\u00e9 transakcie. Ak sa jedn\u00e1 o kandid\u00e1ta, vtedy zhroma\u017e\u010fujeme &#8211; Va\u0161u e-mailov\u00fa adresu, meno a priezvisko, adresu, CV, d\u00e1tum narodenia, fotografiu, IP adresu a tie\u017e dotazn\u00edky a testy, ktor\u00e9 ste vyplnili.<\/li>\n<li><span style=\"font-weight: bold;\">Inform\u00e1cie o Va\u0161om zariaden\u00ed<\/span> &#8211; pri hl\u00e1sen\u00ed probl\u00e9mu s Va\u0161\u00edm pr\u00edstupom do n\u00e1\u0161ho syst\u00e9mu v spr\u00e1ve zhroma\u017e\u010fujeme \u0161pecifick\u00e9 inform\u00e1cie o zariaden\u00ed, ako napr\u00edklad opera\u010dn\u00fd syst\u00e9m, \u010di pou\u017e\u00edvate po\u010d\u00edta\u010d alebo smartphone, adresu IP zariadenia, prehliada\u010d, rozl\u00ed\u0161enie obrazovky. Tieto \u00fadaje n\u00e1m pom\u00e1haj\u00fa identifikova\u0165 probl\u00e9m a rie\u0161i\u0165 ho r\u00fdchlej\u0161ie.<\/li>\n<li><span style=\"font-weight: bold;\">Prihlasovacie \u00fadaje<\/span>\u00a0&#8211; ke\u010f pou\u017e\u00edvate na\u0161e slu\u017eby alebo si prezer\u00e1te obsah, ktor\u00fd poskytuje spolo\u010dnos\u0165 Performia International AB, automaticky zhroma\u017e\u010fujeme a uklad\u00e1me ur\u010dit\u00e9 inform\u00e1cie v protokoloch serverov. Toto zah\u0155\u0148a:\n<ul>\n<li>Detaily o tom, ako pou\u017e\u00edvate na\u0161e slu\u017eby<\/li>\n<li>IP adresu<\/li>\n<li>Cookies, ktor\u00e9 m\u00f4\u017eu jednozna\u010dne identifikova\u0165 v\u00e1\u0161 prehliada\u010d<\/li>\n<li>Polohu u\u017e\u00edvate\u013ea<\/li>\n<\/ul>\n<\/li>\n<\/ul>\n<ul>\n<li><span style=\"font-weight: bold;\">Cookies a podobn\u00e9 technol\u00f3gie<\/span>\u00a0&#8211; Pou\u017e\u00edvame r\u00f4zne technol\u00f3gie na zhroma\u017e\u010fovanie a ukladanie inform\u00e1ci\u00ed pri n\u00e1v\u0161teve webovej lokality Interspeedia a to m\u00f4\u017ee zah\u0155\u0148a\u0165 pou\u017e\u00edvanie s\u00faborov cookies a podobn\u00fdch technol\u00f3gi\u00ed na identifik\u00e1ciu V\u00e1\u0161ho prehliada\u010da alebo zariadenia. Tie\u017e tieto technol\u00f3gie pou\u017e\u00edvame na zhroma\u017e\u010fovanie a uchov\u00e1vanie inform\u00e1ci\u00ed pri interakcii so slu\u017ebami, ktor\u00e9 pon\u00fakame. Pou\u017e\u00edvame aj slu\u017ebu Google Analytics, ktor\u00e1 n\u00e1m pom\u00e1ha analyzova\u0165 n\u00e1v\u0161tevnos\u0165 na\u0161ich webov\u00fdch str\u00e1nok a na \u0161tatistick\u00e9 \u00fa\u010dely pou\u017e\u00edvame tie\u017e s\u00fabory cookie &#8211; zhroma\u017e\u010fujeme \u00fadaje o tom, ako n\u00e1v\u0161tevn\u00edci pou\u017e\u00edvaj\u00fa webov\u00fa str\u00e1nku.<\/li>\n<\/ul>\n<h3>\u010co s t\u00fdmito inform\u00e1ciami rob\u00edme<\/h3>\n<p>Inform\u00e1cie, ktor\u00e9 zhroma\u017e\u010fujeme, pou\u017e\u00edvame nasleduj\u00facim sp\u00f4sobom:<\/p>\n<ul>\n<li>Na prev\u00e1dzkovanie, udr\u017eiavanie a zlep\u0161ovanie na\u0161ich slu\u017eieb<\/li>\n<li>Na vytv\u00e1ranie V\u00e1\u0161ho \u00fa\u010dtu, identifik\u00e1ciu V\u00e1s, ako u\u017e\u00edvate\u013ea\/kandid\u00e1ta<\/li>\n<li>Na zasielanie propaga\u010dn\u00fdch ozn\u00e1men\u00ed &#8211; to m\u00f4\u017ee zah\u0155\u0148a\u0165 e-maily, upozornenia zo syst\u00e9mu, prieskumy alebo in\u00e9 informa\u010dn\u00e9 bulletiny. M\u00f4\u017eete sa kedyko\u013evek rozhodn\u00fa\u0165, \u017ee neobdr\u017e\u00edte marketingov\u00e9 e-maily: v t\u00fdchto e-mailoch je n\u00e1vod, ako sa odhl\u00e1si\u0165 z odoberania t\u00fdchto ozn\u00e1men\u00ed.<\/li>\n<li>Na zasielanie administrat\u00edvnej komunik\u00e1cie. M\u00f4\u017ee to zah\u0155\u0148a\u0165 administrat\u00edvne e-maily, potvrdenia, technick\u00e9 upozornenia, aktualiz\u00e1cie a bezpe\u010dnostn\u00e9 upozornenia.<\/li>\n<li>Na odpovede na Va\u0161e pripomienky a ot\u00e1zky a poskytn\u00fa\u0165 v\u00e1m pou\u017e\u00edvate\u013esk\u00fa podporu.<\/li>\n<li>Na ochranu, vy\u0161etrovanie a odr\u00e1dzanie od podvodn\u00fdch, neopr\u00e1vnen\u00fdch alebo nez\u00e1konn\u00fdch \u010dinnost\u00ed.<\/li>\n<\/ul>\n<h3>Transparentnos\u0165 a pr\u00e1vo vo\u013eby<\/h3>\n<p>\u013dudia maj\u00fa odli\u0161n\u00e9 obavy, \u010do sa ochrany osobn\u00fdch \u00fadajov t\u00fdka. Na\u0161\u00edm cie\u013eom je, aby bolo zrejm\u00e9, ak\u00e9 inform\u00e1cie zhroma\u017e\u010fujeme,\u00a0aby ste si mohli zvoli\u0165 sp\u00f4sob ich pou\u017eitia:<\/p>\n<p>Svoje \u00fadaje m\u00f4\u017eete skontrolova\u0165, aktualizova\u0165 alebo odstr\u00e1ni\u0165 jednoduch\u00fdm prihl\u00e1sen\u00edm do syst\u00e9mu s Va\u0161imi prihlasovac\u00edmi \u00fadajmi.<\/p>\n<p>M\u00f4\u017eete odstr\u00e1ni\u0165 s\u00fabory cookie v prehliada\u010di alebo ich zablokova\u0165. Je v\u0161ak d\u00f4le\u017eit\u00e9 ma\u0165 na pam\u00e4ti, \u017ee slu\u017eby poskytovan\u00e9 na na\u0161ich webov\u00fdch str\u00e1nkach nemusia fungova\u0165 spr\u00e1vne, ak s\u00fa cookies vypnut\u00e9.<\/p>\n<h3>Pr\u00edstup a aktualiz\u00e1cia va\u0161ich osobn\u00fdch inform\u00e1ci\u00ed<\/h3>\n<p>V\u017edy ke\u010f na\u0161e slu\u017eby pou\u017e\u00edvate, sna\u017e\u00edme sa poskytn\u00fa\u0165 V\u00e1m pr\u00edstup k Va\u0161im osobn\u00fdm inform\u00e1ci\u00e1m. Ak s\u00fa tieto inform\u00e1cie nespr\u00e1vne, sna\u017e\u00edme sa v\u00e1m poskytn\u00fa\u0165 sp\u00f4soby, ako ich r\u00fdchlo aktualizova\u0165 alebo odstr\u00e1ni\u0165, pokia\u013e tieto inform\u00e1cie nebudeme uchov\u00e1va\u0165 na leg\u00e1lne obchodn\u00e9 ani pr\u00e1vne \u00fa\u010dely.<\/p>\n<p>Na\u0161\u00edm cie\u013eom je udr\u017eiava\u0165 na\u0161e slu\u017eby sp\u00f4sobom, ktor\u00fd chr\u00e1ni inform\u00e1cie pred n\u00e1hodn\u00fdm alebo zlomyse\u013en\u00fdm zni\u010den\u00edm. Z tohto d\u00f4vodu sa po odstr\u00e1nen\u00ed inform\u00e1ci\u00ed z na\u0161ich slu\u017eieb nemusia okam\u017eite odstr\u00e1ni\u0165 zvy\u0161n\u00e9 k\u00f3pie a nemusia sa odstr\u00e1ni\u0165 inform\u00e1cie z n\u00e1\u0161ho akt\u00edvneho servera a rovnako sa nemusia okam\u017eite odstr\u00e1ni\u0165 inform\u00e1cie z na\u0161ich z\u00e1lohovac\u00edch syst\u00e9mov.<\/p>\n<h3>Inform\u00e1cie, ktor\u00e9 zdie\u013eame<\/h3>\n<p>Va\u0161e osobn\u00e9 \u00fadaje nezdie\u013eame so spolo\u010dnos\u0165ami, organiz\u00e1ciami ani jednotlivcami mimo spolo\u010dnosti Performia, pokia\u013e sa na ne nevz\u0165ahuje jedna z nasleduj\u00facich okolnost\u00ed:<\/p>\n<ul>\n<li><span style=\"font-weight: bold;\">Tretia strana, ktor\u00fa ste sami ur\u010dili:<\/span> Va\u0161e osobn\u00e9 \u00fadaje m\u00f4\u017eeme zdie\u013ea\u0165 s tret\u00edmi stranami, ak ste k tomu poskytli s\u00fahlas.<\/li>\n<li><strong>N\u00e1\u0161 poskytovate\u013e slu\u017eieb tretej strany (plat\u00ed len pre z\u00e1kazn\u00edkov):\u00a0<\/strong>Va\u0161e osobn\u00e9 \u00fadaje m\u00f4\u017eeme zdie\u013ea\u0165 s na\u0161imi poskytovate\u013emi slu\u017eieb tret\u00edch str\u00e1n, ktor\u00ed poskytuj\u00fa slu\u017eby ako s\u00fa anal\u00fdza \u00fadajov, faktur\u00e1cia, informa\u010dn\u00e9 technol\u00f3gie a s\u00favisiaca infra\u0161trukt\u00fara, poskytovanie e-mailov a \u010fal\u0161ie podobn\u00e9 slu\u017eby. Po\u017eadujeme, aby poskytovatelia slu\u017eieb tret\u00edch str\u00e1n pou\u017e\u00edvali Va\u0161e osobn\u00e9 \u00fadaje iba na poskytovanie po\u017eadovan\u00fdch slu\u017eieb.<\/li>\n<\/ul>\n<p style=\"margin-left: 40px;\">Na\u0161i poskytovatelia tret\u00edch str\u00e1n s\u00fa:<\/p>\n<p style=\"margin-left: 40px;\">&#8211; RAYNET s.r.o., Francouzska 6167\/5, Poruba 70800, Ostrava, \u010cesk\u00e1 Republika<\/p>\n<p style=\"margin-left: 40px;\">&#8211; QUANDA International s.r.o., Podebradska 206\/57, 198 00 Praha 9, \u010cesk\u00e1 Republika<\/p>\n<p style=\"margin-left: 40px;\">&#8211; Sengrid, 1801 California Street, Denver, CO 80202, USA<\/p>\n<p style=\"margin-left: 40px;\">&#8211; SMSAPI &#8211; ComVision sp. z o. o., ul. Toszecka 10,144-100 Gliwice, Po\u013esko<\/p>\n<p style=\"margin-left: 40px;\">&#8211; Equinix Inc. \u2013 Via Francesco Sforza 13, 20080 Basiglio (MI), Taliansko<\/p>\n<p style=\"margin-left: 40px;\">&#8211; LibertyLine s.r.l. &#8211; Via Macaggi 17, 16121 Genova, Taliansko<\/p>\n<p style=\"margin-left: 40px;\">&#8211; Fortnox AB, Bollgatan 3B, 352 46 V\u00e4xsj\u00f6, \u0160v\u00e9dsko<\/p>\n<ul>\n<li><strong>Re\u0161trukturaliz\u00e1cia podnikov<\/strong> &#8211; M\u00f4\u017eeme zdie\u013ea\u0165 osobn\u00e9 inform\u00e1cie, ke\u010f podnik\u00e1me obchodn\u00e9 rokovania alebo vyjedn\u00e1me obchodn\u00fa dohodu zah\u0155\u0148aj\u00facu predaj alebo prevod cel\u00e9ho alebo \u010dasti na\u0161ej \u010dinnosti alebo majetku. Tieto podrobnosti m\u00f4\u017eu zah\u0155\u0148a\u0165 ak\u00fako\u013evek f\u00faziu, financovanie, akviz\u00edciu alebo konkurzn\u00fa transakciu alebo konanie.<\/li>\n<li><span style=\"font-weight: bold;\">Administr\u00e1tori<\/span> &#8211; V\u00e1\u0161 \u00fa\u010det spravuje aj n\u00e1\u0161 miestny \/ krajinn\u00fd alebo glob\u00e1lny spr\u00e1vca. To znamen\u00e1, \u017ee administr\u00e1tor a predajcovia, ktor\u00ed poskytuj\u00fa u\u017e\u00edvate\u013esk\u00fa podporu Va\u0161ej organiz\u00e1cii, bud\u00fa ma\u0165 pr\u00edstup k inform\u00e1ci\u00e1m V\u00e1\u0161ho \u00fa\u010dtu (vr\u00e1tane e-mailu a \u010fal\u0161\u00edch \u00fadajov). V\u00e1\u0161 spr\u00e1vca krajiny m\u00f4\u017ee by\u0165 schopn\u00fd:\n<ul>\n<li style=\"list-style-type: none;\">\n<ul>\n<li>Zobrazi\u0165 si \u0161tatistick\u00e9 \u00fadaje o va\u0161om \u00fa\u010dte &#8211; vyu\u017eitie slu\u017eieb<\/li>\n<li>Prihl\u00e1si\u0165 sa do V\u00e1\u0161ho \u00fa\u010dtu, aby v\u00e1m pomohol vyrie\u0161i\u0165 probl\u00e9m<\/li>\n<li>Pozastavi\u0165 alebo ukon\u010di\u0165 pr\u00edstup k \u00fa\u010dtu<\/li>\n<li>Pristupova\u0165 alebo uchov\u00e1va\u0165 inform\u00e1cie ulo\u017een\u00e9 ako s\u00fa\u010das\u0165 V\u00e1\u0161ho \u00fa\u010dtu<\/li>\n<\/ul>\n<\/li>\n<\/ul>\n<p>&nbsp;<\/li>\n<li><span style=\"font-weight: bold;\">\u010eal\u0161ie<\/span>\u00a0&#8211; M\u00f4\u017eeme zdie\u013ea\u0165 osobn\u00e9 \u00fadaje, ktor\u00e9 pova\u017eujeme za potrebn\u00e9 alebo vhodn\u00e9 a) na dodr\u017eiavanie platn\u00fdch z\u00e1konov; b) dodr\u017eiava\u0165 z\u00e1konn\u00e9 po\u017eiadavky a pr\u00e1vne postupy, vr\u00e1tane odpoved\u00ed na \u017eiadosti verejn\u00fdch a \u0161t\u00e1tnych org\u00e1nov s cie\u013eom splni\u0165 po\u017eiadavky n\u00e1rodnej bezpe\u010dnosti alebo presadzovania pr\u00e1va; c) presadzova\u0165 na\u0161u politiku; a d) chr\u00e1ni\u0165 na\u0161e pr\u00e1va, s\u00fakromie, bezpe\u010dnos\u0165 alebo vlastn\u00edctvo a \/ alebo ochranu V\u00e1s alebo ostatn\u00fdch.<\/li>\n<\/ul>\n<h3>Informa\u010dn\u00e1 bezpe\u010dnos\u0165<\/h3>\n<p>Sna\u017e\u00edme sa tvrdo chr\u00e1ni\u0165 na\u0161ich pou\u017e\u00edvate\u013eov pred neopr\u00e1vnen\u00fdm pr\u00edstupom k neopr\u00e1vnen\u00fdm zmen\u00e1m, zverejnen\u00edm alebo zni\u010den\u00edm inform\u00e1ci\u00ed, ktor\u00e9 vlastn\u00edme. Najm\u00e4:<\/p>\n<ul>\n<li>\u0160ifrujeme na\u0161e slu\u017eby pomocou protokolu SSL<\/li>\n<li>Obmedzujeme pr\u00edstup k osobn\u00fdm inform\u00e1ci\u00e1m pre na\u0161ich zamestnancov, zmluvn\u00fdch partnerov a z\u00e1stupcov, ktor\u00ed potrebuj\u00fa pozna\u0165 tieto inform\u00e1cie na to, aby ich spracovali pre n\u00e1s a \/ alebo aby V\u00e1m doru\u010dili slu\u017ebu, a ktor\u00ed podliehaj\u00fa pr\u00edsnym zmluvn\u00fdm z\u00e1v\u00e4zkom ml\u010danlivosti a m\u00f4\u017eu by\u0165 disciplin\u00e1rne st\u00edhan\u00ed alebo s nimi m\u00f4\u017ee by\u0165 ukon\u010den\u00e1 spolupr\u00e1ca, ak nesplnia tieto povinnosti.<\/li>\n<\/ul>\n<h3>Anonymn\u00e9 \u00fadaje<\/h3>\n<p>Ke\u010f pou\u017e\u00edvame term\u00edn &#8220;anonymn\u00e9 \u00fadaje&#8221;, odkazujeme na \u00fadaje a inform\u00e1cie, ktor\u00e9 v\u00e1m neumo\u017e\u0148uj\u00fa identifikovan\u00fdm, a to ani samostatne, ani v kombin\u00e1cii s in\u00fdmi inform\u00e1ciami, ktor\u00e9 s\u00fa k dispoz\u00edcii tretej strane.<\/p>\n<p>M\u00f4\u017eeme vytvori\u0165 anonymn\u00e9 \u00fadaje z osobn\u00fdch \u00fadajov, ktor\u00e9 z\u00edskavame o V\u00e1s a in\u00fdch osob\u00e1ch, ktor\u00fdch osobn\u00e9 \u00fadaje zhroma\u017e\u010fujeme. Anonymn\u00e9 \u00fadaje m\u00f4\u017eu obsahova\u0165 inform\u00e1cie o analytike a inform\u00e1ci\u00e1ch zhroma\u017eden\u00fdch pomocou s\u00faborov cookie. Osobn\u00e9 \u00fadaje spracov\u00e1vame do anonymn\u00fdch \u00fadajov vyl\u00fa\u010den\u00edm inform\u00e1cii, ako je Va\u0161e meno, e-mailov\u00e1 adresa, telef\u00f3nne \u010d\u00edslo, d\u00e1tum narodenia, ktor\u00e9 umo\u017e\u0148uj\u00fa, aby boli \u00fadaje osobne identifikovate\u013en\u00e9. Anonymn\u00e9 \u00fadaje pou\u017e\u00edvame na \u0161tatistick\u00e9 \u00fa\u010dely a na zlep\u0161enie na\u0161ich slu\u017eieb.<\/p>\n<h3>Informa\u010dn\u00e9 mo\u017enosti a zmeny<\/h3>\n<p><span style=\"font-weight: bold;\">Odhl\u00e1senie sa z odberu<\/span>\u00a0&#8211; M\u00f4\u017eete n\u00e1s kedyko\u013evek kontaktova\u0165, ak sa rozhodnete k ne\u00fa\u010dasti na a) propaga\u010dnej komunik\u00e1cii, b) akomko\u013evek novom spracovan\u00ed Va\u0161ich osobn\u00fdch \u00fadajov, ktor\u00e9 m\u00f4\u017eeme vykona\u0165 nad r\u00e1mec p\u00f4vodn\u00e9ho \u00fa\u010delu, alebo c) prenose Va\u0161ich osobn\u00fdch inform\u00e1ci\u00ed mimo E\u00da. Upozor\u0148ujeme V\u00e1s v\u0161ak, \u017ee pou\u017e\u00edvanie niektor\u00fdch str\u00e1nok alebo slu\u017eieb m\u00f4\u017ee by\u0165 po Va\u0161om odhl\u00e1sen\u00ed \u00fa\u010dasti ne\u00fa\u010dinn\u00e9.<\/p>\n<p><span style=\"font-weight: bold;\">Pr\u00edstup<\/span>\u00a0&#8211; Kedyko\u013evek m\u00f4\u017eete z\u00edska\u0165 pr\u00edstup k inform\u00e1ci\u00e1m, ktor\u00e9 o V\u00e1s m\u00e1me t\u00fdm, \u017ee si zobraz\u00edte Va\u0161e konto na str\u00e1nkach\u00a0<a href=\"https:\/\/ad-analysis.com\" target=\"_blank\" rel=\"noopener\">www.exelect.com<\/a> a\u00a0<a href=\"https:\/\/www.tech.interspeedia\" target=\"_blank\" rel=\"noopener\">www.tech.interspeedia.com<\/a><\/p>\n<p><span style=\"font-weight: bold;\">Presun \u00fadajov<\/span>\u00a0&#8211; Va\u0161e osobn\u00e9 inform\u00e1cie ako kandid\u00e1ta s\u00fa prenosn\u00e9 \u2013 m\u00e1te mo\u017enos\u0165 stiahnu\u0165 si d\u00e1ta do form\u00e1tu PDF a tie\u017e\u00a0presun\u00fa\u0165 ich na in\u00e9ho poskytovate\u013ea slu\u017eieb, pod\u013ea vlastn\u00e9ho uv\u00e1\u017eenia.<\/p>\n<p><span style=\"font-weight: bold;\">Vymaz\u00e1vanie \u00fadajov<\/span>\u00a0&#8211; v ur\u010dit\u00fdch pr\u00edpadoch, napr\u00edklad ke\u010f inform\u00e1cie, ktor\u00e9 o V\u00e1s m\u00e1me, u\u017e nie s\u00fa relevantn\u00e9 alebo s\u00fa nespr\u00e1vne, m\u00f4\u017eete po\u017eiada\u0165 o ich vymazanie. V opa\u010dnom pr\u00edpade sa v\u0161etky \u00fadaje o kandid\u00e1toch automaticky odstr\u00e1nia po 2 rokoch.<\/p>\n<p>V pr\u00edpade, \u017ee ste zabudli svoj pr\u00edstup, kontaktujte n\u00e1s priamo na adrese admin@exelect.sk alebo prostredn\u00edctvom na\u0161ej webovej str\u00e1nky. Vo svojej \u017eiadosti uve\u010fte a) ak\u00fdch osobn\u00fdch \u00fadajov sa to t\u00fdka, b) n\u00e1zov spolo\u010dnosti, c) va\u0161u e-mailov\u00fa adresu, ktor\u00fa ste pou\u017eili na prihl\u00e1senie a d) ktor\u00e9 z vy\u0161\u0161ie uveden\u00fdch pr\u00e1v by ste chceli vyn\u00fati\u0165. Na va\u0161u ochranu m\u00f4\u017eeme implementova\u0165 len po\u017eiadavky t\u00fdkaj\u00face sa osobn\u00fdch inform\u00e1ci\u00ed s\u00favisiacich s konkr\u00e9tnou e-mailovou adresou, ktor\u00fa pou\u017e\u00edvate na odoslanie Va\u0161ej \u017eiadosti, a pred implement\u00e1ciou va\u0161ej \u017eiadosti budeme musie\u0165 overi\u0165 Va\u0161u toto\u017enos\u0165. Pok\u00fasime sa vyhovie\u0165 Va\u0161ej \u017eiadosti \u010do najsk\u00f4r.<\/p>\n<p>Upozor\u0148ujeme, \u017ee potrebujeme uchov\u00e1va\u0165 ur\u010dit\u00e9 inform\u00e1cie na \u00fa\u010dely vedenia z\u00e1znamov a \/ alebo dokon\u010di\u0165 ak\u00fako\u013evek transakciu, ktor\u00fa ste za\u010dali predt\u00fdm, ne\u017e po\u017eiadate o zmenu alebo vymazanie, ak si situ\u00e1cia nevy\u017eaduje alebo nepovo\u013euje dlh\u0161ie obdobie uchov\u00e1vania z\u00e1konom (napr\u00edklad regula\u010dn\u00e9 \u00fa\u010dely).<\/p>\n<p>Ke\u010f dostanete od n\u00e1s propaga\u010dn\u00e9 e-maily, m\u00f4\u017eete sa tie\u017e odhl\u00e1si\u0165 z ich odberu kliknut\u00edm na odkaz v spodnej \u010dasti ak\u00e9hoko\u013evek propaga\u010dn\u00e9ho e-mailu. Nem\u00f4\u017eete zru\u0161i\u0165 prij\u00edmanie administrat\u00edvnej komunik\u00e1cie.<\/p>\n<h3>Odpor\u00fa\u010dania pou\u017e\u00edvate\u013ea a sp\u00e4tn\u00e1 v\u00e4zba<\/h3>\n<p>\u010casto dost\u00e1vame p\u00edsomn\u00e9 odpor\u00fa\u010dania a pripomienky od pou\u017e\u00edvate\u013eov, ktor\u00ed maj\u00fa pozit\u00edvne sk\u00fasenosti s na\u0161imi slu\u017ebami, a ob\u010das ich zverej\u0148ujeme. Z\u00edskanie s\u00fahlasu pou\u017e\u00edvate\u013ea pred odoslan\u00edm a zverejnen\u00edm akejko\u013evek sp\u00e4tnej v\u00e4zby je samozrejmos\u0165ou.<\/p>\n<h4><span style=\"font-size: big;\">Va\u0161e osobn\u00e9 \u00fadaje uchov\u00e1vame v s\u00fakrom\u00ed a bezpe\u010d\u00ed.\u00a0<\/span><\/h4>\n","protected":false},"excerpt":{"rendered":"<p>Rozumieme, \u017ee inform\u00e1cie o Va\u0161e spolo\u010dnosti a Va\u0161e \u00fadaje s\u00fa ve\u013emi osobn\u00e9 a db\u00e1me na to, aby boli v bezpe\u010d\u00ed. Tieto z\u00e1sady ochrany osobn\u00fdch \u00fadajov (&#8220;Pravidl\u00e1&#8221;) opisuj\u00fa, ako spolo\u010dnos\u0165 Performia International AB zhroma\u017e\u010fuje, pou\u017e\u00edva a zdie\u013ea osobn\u00e9 inform\u00e1cie pou\u017e\u00edvate\u013eov na\u0161ich webov\u00fdch str\u00e1nok nach\u00e1dzaj\u00facich sa na adrese www.exelect.com a\u00a0www.tech.interspeedia.com Nako\u013eko vy\u017e\u00edvate na\u0161e slu\u017eby, chceme, aby ste&hellip;<\/p>\n<p><a class=\"btn btn-primary\" href=\"https:\/\/ad-analysis.com\/slovak\/privacy-policy\/\">Continue reading <i class=\"fas fa-arrow-right\"><\/i><\/a><\/p>\n","protected":false},"author":2,"featured_media":0,"parent":0,"menu_order":0,"comment_status":"closed","ping_status":"closed","template":"","meta":{"_acf_changed":false,"footnotes":""},"acf":[],"_links":{"self":[{"href":"https:\/\/ad-analysis.com\/slovak\/wp-json\/wp\/v2\/pages\/361"}],"collection":[{"href":"https:\/\/ad-analysis.com\/slovak\/wp-json\/wp\/v2\/pages"}],"about":[{"href":"https:\/\/ad-analysis.com\/slovak\/wp-json\/wp\/v2\/types\/page"}],"author":[{"embeddable":true,"href":"https:\/\/ad-analysis.com\/slovak\/wp-json\/wp\/v2\/users\/2"}],"replies":[{"embeddable":true,"href":"https:\/\/ad-analysis.com\/slovak\/wp-json\/wp\/v2\/comments?post=361"}],"version-history":[{"count":25,"href":"https:\/\/ad-analysis.com\/slovak\/wp-json\/wp\/v2\/pages\/361\/revisions"}],"predecessor-version":[{"id":1718,"href":"https:\/\/ad-analysis.com\/slovak\/wp-json\/wp\/v2\/pages\/361\/revisions\/1718"}],"wp:attachment":[{"href":"https:\/\/ad-analysis.com\/slovak\/wp-json\/wp\/v2\/media?parent=361"}],"curies":[{"name":"wp","href":"https:\/\/api.w.org\/{rel}","templated":true}]}}